{"id":1255,"date":"2021-06-04T10:48:16","date_gmt":"2021-06-04T08:48:16","guid":{"rendered":"https:\/\/raimat.paeria.cat\/web\/?page_id=1255"},"modified":"2024-05-16T13:46:26","modified_gmt":"2024-05-16T11:46:26","slug":"salutacio","status":"publish","type":"page","link":"https:\/\/raimat.paeria.cat\/web\/salutacio\/","title":{"rendered":"Salutaci\u00f3 de l&#8217;alcalde"},"content":{"rendered":"<p>\u00c9s un plaer saludar-vos a tots i a totes com a alcalde-president de Raimat.<\/p>\n<p>Benvinguts i benvingudes al nostre meravell\u00f3s poble, situat a la comarca del Segri\u00e0, envoltat per paisatges encisadors i amb una rica hist\u00f2ria que ens defineix.<\/p>\n<p>Raimat \u00e9s molt m\u00e9s que un simple lloc al mapa; \u00e9s un lloc on les tradicions es barregen harmoniosament amb la modernitat, i on la calidesa dels seus habitants us far\u00e0 sentir com a casa des del moment que poseu un peu a les nostres terres.<\/p>\n<p>La nostra comunitat \u00e9s un mosaic de diversitat, on cadasc\u00fa i cadascuna troba el seu lloc i contribueix al teixit social amb la seva pr\u00f2pia singularitat. Des de les estretes ruelles de l&#8217;esgl\u00e9sia fins als verds camps que ens envolten, Raimat \u00e9s un lloc on la natura i la cultura es donen la m\u00e0 per crear un entorn \u00fanic i acollidor.<\/p>\n<p>Com a alcalde-president, el meu comprom\u00eds \u00e9s amb el benestar i el progr\u00e9s de tots els ciutadans i les ciutadanes de Raimat. Treballarem plegades per preservar la nostra her\u00e8ncia cultural, impulsar el desenvolupament econ\u00f2mic i garantir un futur brillant per a les generacions venidores.<\/p>\n<p>Us convido a descobrir tot el que Raimat t\u00e9 per oferir: els nostres monuments hist\u00f2rics, la nostra gastronomia exquisida, i sobretot, la calidesa i l&#8217;hospitalitat dels i de les nostres habitants.<\/p>\n<p>Gr\u00e0cies per formar part d&#8217;aquesta meravellosa comunitat. Si tothom suma, farem que Raimat segueixi sent un lloc especial per a tothom.<\/p>\n<p>Sigueu benvinguts i benvingudes a casa nostra!<\/p>\n<p><strong>Ivan Fern\u00e0ndez i Ribelles\u00a0 \u00a0 \u00a0 \u00a0 \u00a0 \u00a0 \u00a0 \u00a0 \u00a0 \u00a0 \u00a0 \u00a0 \u00a0 \u00a0 \u00a0 \u00a0 \u00a0 \u00a0 \u00a0 \u00a0 \u00a0 \u00a0 \u00a0 \u00a0 \u00a0 \u00a0 \u00a0 \u00a0 \u00a0 \u00a0 \u00a0 \u00a0 \u00a0 \u00a0 \u00a0 \u00a0 \u00a0 \u00a0 \u00a0 \u00a0 \u00a0 \u00a0 \u00a0 \u00a0 \u00a0 \u00a0 \u00a0 \u00a0 \u00a0 \u00a0 \u00a0 \u00a0 \u00a0 \u00a0 \u00a0 \u00a0 \u00a0 \u00a0 \u00a0 \u00a0 \u00a0 \u00a0 \u00a0 \u00a0 \u00a0 \u00a0 \u00a0 \u00a0 \u00a0 \u00a0 \u00a0 \u00a0 \u00a0 \u00a0 \u00a0 \u00a0 \u00a0 \u00a0 \u00a0 \u00a0 \u00a0 \u00a0 \u00a0 \u00a0 <\/strong><\/p>\n<p><strong>Alcalde-President<\/strong><\/p>\n","protected":false},"excerpt":{"rendered":"<p>\u00c9s un plaer saludar-vos a tots i a totes com a alcalde-president de Raimat. Benvinguts i benvingudes al nostre meravell\u00f3s poble, situat a la comarca del Segri\u00e0, envoltat per paisatges encisadors i amb una rica hist\u00f2ria que ens defineix. Raimat \u00e9s molt m\u00e9s que un simple lloc al mapa; \u00e9s un lloc on les tradicions &#8230; <a title=\"Salutaci\u00f3 de l&#8217;alcalde\" class=\"read-more\" href=\"https:\/\/raimat.paeria.cat\/web\/salutacio\/\" aria-label=\"M\u00e9s informaci\u00f3 sobre Salutaci\u00f3 de l&#8217;alcalde\">Llegiu m\u00e9s<\/a><\/p>\n","protected":false},"author":11,"featured_media":0,"parent":0,"menu_order":0,"comment_status":"closed","ping_status":"closed","template":"","meta":{"footnotes":""},"class_list":["post-1255","page","type-page","status-publish"],"yoast_head":"<!-- This site is optimized with the Yoast SEO plugin v27.4 - https:\/\/yoast.com\/product\/yoast-seo-wordpress\/ -->\n<title>Salutaci\u00f3 de l&#039;alcalde - Entitat Municipal Descentralitzada de Raimat - La Paeria - Ajuntament Lleida<\/title>\n<meta name=\"robots\" content=\"index, follow, max-snippet:-1, max-image-preview:large, max-video-preview:-1\" \/>\n<link rel=\"canonical\" href=\"https:\/\/raimat.paeria.cat\/web\/salutacio\/\" \/>\n<meta property=\"og:locale\" content=\"ca_ES\" \/>\n<meta property=\"og:type\" content=\"article\" \/>\n<meta property=\"og:title\" content=\"Salutaci\u00f3 de l&#039;alcalde - Entitat Municipal Descentralitzada de Raimat - La Paeria - Ajuntament Lleida\" \/>\n<meta property=\"og:description\" content=\"\u00c9s un plaer saludar-vos a tots i a totes com a alcalde-president de Raimat. Benvinguts i benvingudes al nostre meravell\u00f3s poble, situat a la comarca del Segri\u00e0, envoltat per paisatges encisadors i amb una rica hist\u00f2ria que ens defineix. Raimat \u00e9s molt m\u00e9s que un simple lloc al mapa; \u00e9s un lloc on les tradicions ... Llegiu m\u00e9s\" \/>\n<meta property=\"og:url\" content=\"https:\/\/raimat.paeria.cat\/web\/salutacio\/\" \/>\n<meta property=\"og:site_name\" content=\"Entitat Municipal Descentralitzada de Raimat - La Paeria - Ajuntament Lleida\" \/>\n<meta property=\"article:modified_time\" content=\"2024-05-16T11:46:26+00:00\" \/>\n<meta name=\"twitter:card\" content=\"summary_large_image\" \/>\n<meta name=\"twitter:label1\" content=\"Temps estimat de lectura\" \/>\n\t<meta name=\"twitter:data1\" content=\"2 minuts\" \/>\n<script type=\"application\/ld+json\" class=\"yoast-schema-graph\">{\"@context\":\"https:\\\/\\\/schema.org\",\"@graph\":[{\"@type\":\"WebPage\",\"@id\":\"https:\\\/\\\/raimat.paeria.cat\\\/web\\\/salutacio\\\/\",\"url\":\"https:\\\/\\\/raimat.paeria.cat\\\/web\\\/salutacio\\\/\",\"name\":\"Salutaci\u00f3 de l'alcalde - Entitat Municipal Descentralitzada de Raimat - La Paeria - Ajuntament Lleida\",\"isPartOf\":{\"@id\":\"https:\\\/\\\/raimat.paeria.cat\\\/web\\\/#website\"},\"datePublished\":\"2021-06-04T08:48:16+00:00\",\"dateModified\":\"2024-05-16T11:46:26+00:00\",\"breadcrumb\":{\"@id\":\"https:\\\/\\\/raimat.paeria.cat\\\/web\\\/salutacio\\\/#breadcrumb\"},\"inLanguage\":\"ca\",\"potentialAction\":[{\"@type\":\"ReadAction\",\"target\":[\"https:\\\/\\\/raimat.paeria.cat\\\/web\\\/salutacio\\\/\"]}]},{\"@type\":\"BreadcrumbList\",\"@id\":\"https:\\\/\\\/raimat.paeria.cat\\\/web\\\/salutacio\\\/#breadcrumb\",\"itemListElement\":[{\"@type\":\"ListItem\",\"position\":1,\"name\":\"Inici\",\"item\":\"https:\\\/\\\/raimat.paeria.cat\\\/web\\\/\"},{\"@type\":\"ListItem\",\"position\":2,\"name\":\"Salutaci\u00f3 de l&#8217;alcalde\"}]},{\"@type\":\"WebSite\",\"@id\":\"https:\\\/\\\/raimat.paeria.cat\\\/web\\\/#website\",\"url\":\"https:\\\/\\\/raimat.paeria.cat\\\/web\\\/\",\"name\":\"Entitat Municipal Descentralitzada de Raimat - La Paeria - Ajuntament Lleida\",\"description\":\"Entitat Municipal Descentralitzada de Raimat\",\"publisher\":{\"@id\":\"https:\\\/\\\/raimat.paeria.cat\\\/web\\\/#organization\"},\"potentialAction\":[{\"@type\":\"SearchAction\",\"target\":{\"@type\":\"EntryPoint\",\"urlTemplate\":\"https:\\\/\\\/raimat.paeria.cat\\\/web\\\/?s={search_term_string}\"},\"query-input\":{\"@type\":\"PropertyValueSpecification\",\"valueRequired\":true,\"valueName\":\"search_term_string\"}}],\"inLanguage\":\"ca\"},{\"@type\":\"Organization\",\"@id\":\"https:\\\/\\\/raimat.paeria.cat\\\/web\\\/#organization\",\"name\":\"Ajuntament de Lleida\",\"url\":\"https:\\\/\\\/raimat.paeria.cat\\\/web\\\/\",\"logo\":{\"@type\":\"ImageObject\",\"inLanguage\":\"ca\",\"@id\":\"https:\\\/\\\/raimat.paeria.cat\\\/web\\\/#\\\/schema\\\/logo\\\/image\\\/\",\"url\":\"https:\\\/\\\/raimat.paeria.cat\\\/web\\\/wp-content\\\/uploads\\\/2020\\\/06\\\/capcalera-raimat-escut-logo-paeria.png\",\"contentUrl\":\"https:\\\/\\\/raimat.paeria.cat\\\/web\\\/wp-content\\\/uploads\\\/2020\\\/06\\\/capcalera-raimat-escut-logo-paeria.png\",\"width\":1100,\"height\":221,\"caption\":\"Ajuntament de Lleida\"},\"image\":{\"@id\":\"https:\\\/\\\/raimat.paeria.cat\\\/web\\\/#\\\/schema\\\/logo\\\/image\\\/\"}}]}<\/script>\n<!-- \/ Yoast SEO plugin. -->","yoast_head_json":{"title":"Salutaci\u00f3 de l'alcalde - Entitat Municipal Descentralitzada de Raimat - La Paeria - Ajuntament Lleida","robots":{"index":"index","follow":"follow","max-snippet":"max-snippet:-1","max-image-preview":"max-image-preview:large","max-video-preview":"max-video-preview:-1"},"canonical":"https:\/\/raimat.paeria.cat\/web\/salutacio\/","og_locale":"ca_ES","og_type":"article","og_title":"Salutaci\u00f3 de l'alcalde - Entitat Municipal Descentralitzada de Raimat - La Paeria - Ajuntament Lleida","og_description":"\u00c9s un plaer saludar-vos a tots i a totes com a alcalde-president de Raimat. Benvinguts i benvingudes al nostre meravell\u00f3s poble, situat a la comarca del Segri\u00e0, envoltat per paisatges encisadors i amb una rica hist\u00f2ria que ens defineix. Raimat \u00e9s molt m\u00e9s que un simple lloc al mapa; \u00e9s un lloc on les tradicions ... Llegiu m\u00e9s","og_url":"https:\/\/raimat.paeria.cat\/web\/salutacio\/","og_site_name":"Entitat Municipal Descentralitzada de Raimat - La Paeria - Ajuntament Lleida","article_modified_time":"2024-05-16T11:46:26+00:00","twitter_card":"summary_large_image","twitter_misc":{"Temps estimat de lectura":"2 minuts"},"schema":{"@context":"https:\/\/schema.org","@graph":[{"@type":"WebPage","@id":"https:\/\/raimat.paeria.cat\/web\/salutacio\/","url":"https:\/\/raimat.paeria.cat\/web\/salutacio\/","name":"Salutaci\u00f3 de l'alcalde - Entitat Municipal Descentralitzada de Raimat - La Paeria - Ajuntament Lleida","isPartOf":{"@id":"https:\/\/raimat.paeria.cat\/web\/#website"},"datePublished":"2021-06-04T08:48:16+00:00","dateModified":"2024-05-16T11:46:26+00:00","breadcrumb":{"@id":"https:\/\/raimat.paeria.cat\/web\/salutacio\/#breadcrumb"},"inLanguage":"ca","potentialAction":[{"@type":"ReadAction","target":["https:\/\/raimat.paeria.cat\/web\/salutacio\/"]}]},{"@type":"BreadcrumbList","@id":"https:\/\/raimat.paeria.cat\/web\/salutacio\/#breadcrumb","itemListElement":[{"@type":"ListItem","position":1,"name":"Inici","item":"https:\/\/raimat.paeria.cat\/web\/"},{"@type":"ListItem","position":2,"name":"Salutaci\u00f3 de l&#8217;alcalde"}]},{"@type":"WebSite","@id":"https:\/\/raimat.paeria.cat\/web\/#website","url":"https:\/\/raimat.paeria.cat\/web\/","name":"Entitat Municipal Descentralitzada de Raimat - La Paeria - Ajuntament Lleida","description":"Entitat Municipal Descentralitzada de Raimat","publisher":{"@id":"https:\/\/raimat.paeria.cat\/web\/#organization"},"potentialAction":[{"@type":"SearchAction","target":{"@type":"EntryPoint","urlTemplate":"https:\/\/raimat.paeria.cat\/web\/?s={search_term_string}"},"query-input":{"@type":"PropertyValueSpecification","valueRequired":true,"valueName":"search_term_string"}}],"inLanguage":"ca"},{"@type":"Organization","@id":"https:\/\/raimat.paeria.cat\/web\/#organization","name":"Ajuntament de Lleida","url":"https:\/\/raimat.paeria.cat\/web\/","logo":{"@type":"ImageObject","inLanguage":"ca","@id":"https:\/\/raimat.paeria.cat\/web\/#\/schema\/logo\/image\/","url":"https:\/\/raimat.paeria.cat\/web\/wp-content\/uploads\/2020\/06\/capcalera-raimat-escut-logo-paeria.png","contentUrl":"https:\/\/raimat.paeria.cat\/web\/wp-content\/uploads\/2020\/06\/capcalera-raimat-escut-logo-paeria.png","width":1100,"height":221,"caption":"Ajuntament de Lleida"},"image":{"@id":"https:\/\/raimat.paeria.cat\/web\/#\/schema\/logo\/image\/"}}]}},"_links":{"self":[{"href":"https:\/\/raimat.paeria.cat\/web\/wp-json\/wp\/v2\/pages\/1255","targetHints":{"allow":["GET"]}}],"collection":[{"href":"https:\/\/raimat.paeria.cat\/web\/wp-json\/wp\/v2\/pages"}],"about":[{"href":"https:\/\/raimat.paeria.cat\/web\/wp-json\/wp\/v2\/types\/page"}],"author":[{"embeddable":true,"href":"https:\/\/raimat.paeria.cat\/web\/wp-json\/wp\/v2\/users\/11"}],"replies":[{"embeddable":true,"href":"https:\/\/raimat.paeria.cat\/web\/wp-json\/wp\/v2\/comments?post=1255"}],"version-history":[{"count":0,"href":"https:\/\/raimat.paeria.cat\/web\/wp-json\/wp\/v2\/pages\/1255\/revisions"}],"wp:attachment":[{"href":"https:\/\/raimat.paeria.cat\/web\/wp-json\/wp\/v2\/media?parent=1255"}],"curies":[{"name":"wp","href":"https:\/\/api.w.org\/{rel}","templated":true}]}}

Salutació de l&#8217;alcalde

<p>És un plaer saludar-vos a tots i a totes com a alcalde-president de Raimat.</p>
<p>Benvinguts i benvingudes al nostre meravellós poble, situat a la comarca del Segrià, envoltat per paisatges encisadors i amb una rica història que ens defineix.</p>
<p>Raimat és molt més que un simple lloc al mapa; és un lloc on les tradicions es barregen harmoniosament amb la modernitat, i on la calidesa dels seus habitants us farà sentir com a casa des del moment que poseu un peu a les nostres terres.</p>
<p>La nostra comunitat és un mosaic de diversitat, on cadascú i cadascuna troba el seu lloc i contribueix al teixit social amb la seva pròpia singularitat. Des de les estretes ruelles de l&#8217;església fins als verds camps que ens envolten, Raimat és un lloc on la natura i la cultura es donen la mà per crear un entorn únic i acollidor.</p>
<p>Com a alcalde-president, el meu compromís és amb el benestar i el progrés de tots els ciutadans i les ciutadanes de Raimat. Treballarem plegades per preservar la nostra herència cultural, impulsar el desenvolupament econòmic i garantir un futur brillant per a les generacions venidores.</p>
<p>Us convido a descobrir tot el que Raimat té per oferir: els nostres monuments històrics, la nostra gastronomia exquisida, i sobretot, la calidesa i l&#8217;hospitalitat dels i de les nostres habitants.</p>
<p>Gràcies per formar part d&#8217;aquesta meravellosa comunitat. Si tothom suma, farem que Raimat segueixi sent un lloc especial per a tothom.</p>
<p>Sigueu benvinguts i benvingudes a casa nostra!</p>
<p><strong>Ivan Fernàndez i Ribelles                                                                                                                                                                        </strong></p>
<p><strong>Alcalde-President</strong></p>

<p>És un plaer saludar-vos a tots i a totes com a alcalde-president de Raimat. Benvinguts i benvingudes al nostre meravellós poble, situat a la comarca del Segrià, envoltat per paisatges encisadors i amb una rica història que ens defineix. Raimat és molt més que un simple lloc al mapa; és un lloc on les tradicions &#8230; <a title="Salutació de l&#8217;alcalde" class="read-more" href="https://raimat.paeria.cat/web/salutacio/" aria-label="Més informació sobre Salutació de l&#8217;alcalde">Llegiu més</a></p>

<!-- This site is optimized with the Yoast SEO plugin v27.4 - https://yoast.com/product/yoast-seo-wordpress/ -->
<title>Salutació de l&#039;alcalde - Entitat Municipal Descentralitzada de Raimat - La Paeria - Ajuntament Lleida</title>
<meta name="robots" content="index, follow, max-snippet:-1, max-image-preview:large, max-video-preview:-1" />
<link rel="canonical" href="https://raimat.paeria.cat/web/salutacio/" />
<meta property="og:locale" content="ca_ES" />
<meta property="og:type" content="article" />
<meta property="og:title" content="Salutació de l&#039;alcalde - Entitat Municipal Descentralitzada de Raimat - La Paeria - Ajuntament Lleida" />
<meta property="og:description" content="És un plaer saludar-vos a tots i a totes com a alcalde-president de Raimat. Benvinguts i benvingudes al nostre meravellós poble, situat a la comarca del Segrià, envoltat per paisatges encisadors i amb una rica història que ens defineix. Raimat és molt més que un simple lloc al mapa; és un lloc on les tradicions ... Llegiu més" />
<meta property="og:url" content="https://raimat.paeria.cat/web/salutacio/" />
<meta property="og:site_name" content="Entitat Municipal Descentralitzada de Raimat - La Paeria - Ajuntament Lleida" />
<meta property="article:modified_time" content="2024-05-16T11:46:26+00:00" />
<meta name="twitter:card" content="summary_large_image" />
<meta name="twitter:label1" content="Temps estimat de lectura" />
	<meta name="twitter:data1" content="2 minuts" />
<script type="application/ld+json" class="yoast-schema-graph">{"@context":"https:\/\/schema.org","@graph":[{"@type":"WebPage","@id":"https:\/\/raimat.paeria.cat\/web\/salutacio\/","url":"https:\/\/raimat.paeria.cat\/web\/salutacio\/","name":"Salutació de l'alcalde - Entitat Municipal Descentralitzada de Raimat - La Paeria - Ajuntament Lleida","isPartOf":{"@id":"https:\/\/raimat.paeria.cat\/web\/#website"},"datePublished":"2021-06-04T08:48:16+00:00","dateModified":"2024-05-16T11:46:26+00:00","breadcrumb":{"@id":"https:\/\/raimat.paeria.cat\/web\/salutacio\/#breadcrumb"},"inLanguage":"ca","potentialAction":[{"@type":"ReadAction","target":["https:\/\/raimat.paeria.cat\/web\/salutacio\/"]}]},{"@type":"BreadcrumbList","@id":"https:\/\/raimat.paeria.cat\/web\/salutacio\/#breadcrumb","itemListElement":[{"@type":"ListItem","position":1,"name":"Inici","item":"https:\/\/raimat.paeria.cat\/web\/"},{"@type":"ListItem","position":2,"name":"Salutació de l&#8217;alcalde"}]},{"@type":"WebSite","@id":"https:\/\/raimat.paeria.cat\/web\/#website","url":"https:\/\/raimat.paeria.cat\/web\/","name":"Entitat Municipal Descentralitzada de Raimat - La Paeria - Ajuntament Lleida","description":"Entitat Municipal Descentralitzada de Raimat","publisher":{"@id":"https:\/\/raimat.paeria.cat\/web\/#organization"},"potentialAction":[{"@type":"SearchAction","target":{"@type":"EntryPoint","urlTemplate":"https:\/\/raimat.paeria.cat\/web\/?s={search_term_string}"},"query-input":{"@type":"PropertyValueSpecification","valueRequired":true,"valueName":"search_term_string"}}],"inLanguage":"ca"},{"@type":"Organization","@id":"https:\/\/raimat.paeria.cat\/web\/#organization","name":"Ajuntament de Lleida","url":"https:\/\/raimat.paeria.cat\/web\/","logo":{"@type":"ImageObject","inLanguage":"ca","@id":"https:\/\/raimat.paeria.cat\/web\/#\/schema\/logo\/image\/","url":"https:\/\/raimat.paeria.cat\/web\/wp-content\/uploads\/2020\/06\/capcalera-raimat-escut-logo-paeria.png","contentUrl":"https:\/\/raimat.paeria.cat\/web\/wp-content\/uploads\/2020\/06\/capcalera-raimat-escut-logo-paeria.png","width":1100,"height":221,"caption":"Ajuntament de Lleida"},"image":{"@id":"https:\/\/raimat.paeria.cat\/web\/#\/schema\/logo\/image\/"}}]}</script>
<!-- / Yoast SEO plugin. -->

Salutació de l'alcalde - Entitat Municipal Descentralitzada de Raimat - La Paeria - Ajuntament Lleida

És un plaer saludar-vos a tots i a totes com a alcalde-president de Raimat. Benvinguts i benvingudes al nostre meravellós poble, situat a la comarca del Segrià, envoltat per paisatges encisadors i amb una rica història que ens defineix. Raimat és molt més que un simple lloc al mapa; és un lloc on les tradicions ... Llegiu més
